76 and 165?
11
Calculate the highest common factor of 3424 and 928.
32
What is the highest common divisor of 230 and 10166?
46
What is the highest common factor of 1120 and 30?
10
What is the highest common divisor of 363 and 69?
3
Calculate the highest common factor of 31 and 2.
1
What is the greatest common divisor of 558 and 1206?
18
Calculate the highest common divisor of 112 and 1036.
28
What is the highest common factor of 295 and 10561?
59
What is the highest common divisor of 7 and 52829?
7
Calculate the highest common divisor of 28 and 92.
4
What is the highest common divisor of 89 and 801?
89
What is the greatest common factor of 38 and 1786?
38
Calculate the greatest common factor of 208 and 39.
13
Calculate the greatest common factor of 88 and 198.
22
Calculate the highest common divisor of 552 and 897.
69
What is the highest common factor of 420 and 168?
84
Calculate the highest common factor of 6 and 34.
2
Calculate the highest common factor of 1630 and 160.
10
Calculate the highest common factor of 5453 and 7.
7
Calculate the highest common divisor of 1625 and 25.
25
Calculate the greatest common divisor of 180 and 140.
20
Calculate the greatest common divisor of 650 and 286.
26
What is the greatest common divisor of 393 and 262?
131
Calculate the highest common factor of 2635 and 850.
85
Calculate the greatest common factor of 15 and 2075.
5
Calculate the highest common factor of 240 and 57.
3
What is the highest common divisor of 99 and 132?
33
What is the highest common factor of 1 and 8?
1
What is the greatest common divisor of 74 and 74?
74
What is the highest common factor of 73 and 1?
1
Calculate the greatest common divisor of 602 and 2924.
86
What is the greatest common factor of 624 and 117?
39
Calculate the greatest common factor of 13456 and 174.
58
Calculate the greatest common factor of 512 and 8.
8
Calculate the highest common factor of 62 and 8773.
31
Calculate the greatest common divisor of 4134 and 26.
26
Calculate the highest common factor of 26 and 351.
13
Calculate the greatest common factor of 2832 and 118.
118
Calculate the greatest common divisor of 182 and 7553.
91
Calculate the highest common factor of 26 and 130.
26
What is the greatest common factor of 679 and 1067?
97
What is the highest common factor of 1416 and 24?
24
What is the greatest common factor of 31 and 12431?
31
What is the highest common factor of 8656 and 6?
2
Calculate the highest common factor of 117 and 195.
39
What is the highest common divisor of 60 and 6495?
15
What is the highest common factor of 500 and 5?
5
What is the highest common factor of 170 and 34?
34
Calculate the greatest common factor of 2528 and 40.
8
Calculate the greatest common factor of 34 and 14.
2
What is the greatest common divisor of 879 and 3?
3
Calculate the highest common divisor of 44 and 28.
4
What is the greatest common factor of 64 and 1984?
64
What is the highest common factor of 1602 and 18?
18
Calculate the highest common factor of 20 and 320.
20
What is the highest common divisor of 156 and 182?
26
What is the greatest common divisor of 132 and 16038?
66
What is the greatest common divisor of 15 and 10?
5
Calculate the greatest common divisor of 154 and 1442.
14
Calculate the highest common factor of 441 and 4158.
63
What is the highest common divisor of 108 and 288?
36
Calculate the greatest common factor of 1590 and 375.
15
Calculate the highest common factor of 36 and 99.
9
Calculate the greatest common factor of 98 and 56.
14
Calculate the highest common divisor of 24 and 138.
6
What is the highest common divisor of 15 and 915?
15
What is the greatest common divisor of 26 and 1742?
26
What is the greatest common factor of 496 and 11532?
124
Calculate the greatest common factor of 91 and 104.
13
Calculate the greatest common factor of 84 and 29652.
84
What is the greatest common divisor of 6951 and 210?
21
Calculate the highest common factor of 153 and 136.
17
Calculate the greatest common divisor of 784 and 1274.
98
Calculate the greatest common factor of 55 and 880.
55
What is the greatest common factor of 58 and 14964?
58
Calculate the highest common factor of 30 and 15360.
30
Calculate the greatest common factor of 245 and 70.
35
What is the highest common factor of 90175 and 25?
25
Calculate the highest common factor of 108 and 2556.
36
What is the greatest common divisor of 640 and 170?
10
Calculate the greatest common factor of 744 and 24.
24
Calculate the highest common factor of 216 and 8.
8
Calculate the highest common divisor of 1147 and 37.
37
What is the greatest common factor of 429 and 26?
13
Calculate the highest common factor of 80 and 730.
10
What is the highest common divisor of 2176 and 136?
136
Calculate the highest common factor of 2337 and 41.
41
What is the highest common divisor of 385 and 110?
55
Calculate the highest common factor of 583 and 11.
11
What is the highest common divisor of 1312 and 416?
32
What is the greatest common divisor of 50 and 130?
10
What is the greatest common factor of 18 and 52308?
18
Calculate the highest common divisor of 216 and 54.
54
Calculate the highest common factor of 8217 and 693.
99
Calculate the greatest common factor of 5 and 55.
5
What is the greatest common divisor of 646 and 57?
19
Calculate the highest common divisor of 44800 and 14.
14
Calculate the highest common factor of 5 and 185.
5
Calculate the highest common factor of 361 and 16.
1
Calculate the highest common factor of 42 and 24.
6
Calculate the greatest common factor of 3626 and 28.
14
What is the greatest common factor of 25 and 25?
25
Calculate the greatest common factor of 1650 and 198.
66
What is the highest common divisor of 1519 and 279?
31
What is the highest common factor of 204 and 51?
51
Calculate the greatest common divisor of 1776 and 111.
111
Calculate the greatest common factor of 1764 and 36.
36
What is the highest common factor of 16 and 400?
16
What is the highest common divisor of 15 and 625?
5
What is the highest common divisor of 123 and 18573?
123
What is the highest common factor of 1 and 43?
1
Calculate the highest common factor of 39 and 416.
13
Calculate the greatest common factor of 946 and 215.
43
Calculate the highest common divisor of 270 and 108.
54
What is the highest common factor of 60 and 2532?
12
What is the highest common divisor of 161 and 28?
7
Calculate the greatest common factor of 6 and 402.
6
Calculate the highest common factor of 4440 and 1200.
120
Calculate the greatest common factor of 63 and 8736.
21
What is the highest common factor of 38 and 95?
19
What is the highest common factor of 300 and 1356?
12
What is the greatest common divisor of 246 and 17958?
246
What is the greatest common factor of 17 and 34?
17
What is the highest common divisor of 7839 and 351?
117
What is the greatest common divisor of 24 and 399?
3
Calculate the highest common divisor of 93 and 403.
31
Calculate the greatest common divisor of 240 and 17040.
240
Calculate the highest common factor of 6 and 66.
6
Calculate the highest common divisor of 8 and 296.
8
Calculate the highest common factor of 145 and 74820.
145
Calculate the greatest common divisor of 31 and 25637.
31
Calculate the highest common factor of 1830 and 30.
30
What is the highest common divisor of 148 and 4?
4
Calculate the greatest common divisor of 18 and 9216.
18
What is the highest common factor of 20 and 2140?
20
Calculate the greatest common divisor of 61 and 732.
61
Calculate the greatest common factor of 1360 and 85.
85
What is the greatest common factor of 21616 and 560?
112
Calculate the greatest common divisor of 6 and 3414.
6
What is the highest common factor of 24 and 88?
8
Calculate the greatest common factor of 1120 and 480.
160
Calculate the highest common factor of 1935 and 6020.
215
Calculate the greatest common factor of 45 and 144.
9
What is the greatest common divisor of 64 and 8224?
32
Calculate the highest common factor of 170 and 935.
85
What is the highest common factor of 152 and 532?
76
Calculate the highest common divisor of 437 and 608.
19
Calculate the greatest common divisor of 3834 and 108.
54
Calculate the highest common divisor of 9 and 828.
9
Calculate the greatest common divisor of 1431 and 53